Determine y(574).
-3
Let k(r) = -214*r**3 - 3*r**2 - 20*r - 18. What is k(-1)?
213
Let c(k) = -13*k**3 + k**2 - 89851*k + 89851. Calculate c(1).
-12
Let v(u) = 6*u + 928. Give v(-163).
-50
Let u(h) = h**3 - 315*h**2 + 160*h + 48311. What is u(314)?
-45
Let m(k) = -242*k + 75117. Determine m(313).
-629
Let r(g) = 29*g**2 + 11*g + 4. What is r(-6)?
982
Let y(b) = 23009*b - 138091. Calculate y(6).
-37
Let t(p) = -766*p + 157058. Calculate t(205).
28
Let p(u) = 16*u**2 + 281*u + 233. Give p(-17).
80
Let u(d) = 131211*d + 8397506. Give u(-64).
2
Let y(b) = 10251*b + 81626. What is y(-8)?
-382
Let j(b) = 4*b**3 + 142*b**2 + 321*b - 31. Give j(-33).
266
Let n(k) = -k**2 - 7112*k - 120618. Calculate n(-17).
-3
Let i(z) = 2710*z - 63228. What is i(26)?
7232
Let c(r) = -684*r - 97022. Give c(-144).
1474
Let t(h) = 126923*h + 23734607. Give t(-187).
6
Let o(k) = 17*k**3 + 5*k**2 + 139*k + 368. Determine o(-3).
-463
Let r(a) = 70048*a - 140113. What is r(2)?
-17
Let g(h) = -562*h - 193862. Calculate g(-345).
28
Let m(w) = w**2 + 102*w - 1208. What is m(-114)?
160
Let l(u) = u**3 + 14*u**2 - 129*u - 1347. Give l(-17).
-21
Let g(a) = -17650*a + 388271. What is g(22)?
-29
Let l(w) = -46*w + 1109. What is l(13)?
511
Let c(z) = -10*z**2 - 161*z - 862. Give c(-6).
-256
Let a(w) = -3893*w + 533329. Give a(137).
-12
Let o(g) = -g**2 - 2310*g + 117958. Calculate o(50).
-42
Let b(q) = 574*q - 13236. What is b(23)?
-34
Let q(s) = -20*s**2 - 1916*s + 4339. Give q(-98).
27
Let u(w) = -55*w - 70. Determine u(10).
-620
Let m(x) = 66*x**3 - 11*x**2 + 29*x. What is m(3)?
1770
Let m(b) = 2994*b - 1053770. Determine m(352).
118
Let d(g) = -13149*g + 119609. Determine d(9).
1268
Let b(t) = 835*t - 713190. Give b(854).
-100
Let k(o) = 9*o**2 - 1380*o - 6456. Calculate k(157).
-1275
Let q(k) = -20*k**2 - 796*k + 3506. What is q(4)?
2
Let v(j) = j**3 + 637*j**2 - 174705*j - 613. Give v(207).
8
Let h(y) = -2*y**3 + 51*y**2 + 105*y - 3229. Determine h(25).
21
Let y(c) = 14*c**3 + 19*c**2 - 274*c + 692. Determine y(-6).
-4
Let y(p) = -3*p**3 + 283*p**2 - 50*p - 4189. Give y(94).
-53
Let k(a) = a**2 - 514*a - 10697. Determine k(-20).
-17
Let v(t) = -t**2 + 1116*t + 106488. Calculate v(-87).
1827
Let s(x) = -3*x**3 + 220*x**2 - 71*x - 144. Determine s(73).
2
Let h(t) = 55*t**2 - 3118*t + 2141. What is h(56)?
13
Let c(l) = -7227*l + 110891. Determine c(15).
2486
Let s(i) = i**3 + 96*i**2 + 194*i + 677. Determine s(-94).
113
Let w(g) = 19*g**3 + 408*g**2 + 2087*g + 1387. Calculate w(-14).
1
Let w(i) = -2*i**3 + 55*i**2 - 779*i + 9573. What is w(20)?
-7
Let b(i) = 5*i**3 + 868*i**2 - 38*i - 96363. Give b(-173).
-2
Let y(i) = i**2 - 318*i - 2349. Calculate y(-8).
259
Let t(a) = -2*a**2 - 482*a - 17760. Determine t(-46).
180
Let w(k) = -15*k**2 - 350*k + 21164. Give w(-51).
-1
Let g(y) = -y**3 + 13*y**2 + 212*y - 173. Give g(22).
135
Let g(b) = -843443*b - 3373777. Determine g(-4).
-5
Let d(k) = 4*k**2 + 291*k - 2230. What is d(8)?
354
Let w(t) = t**2 - 118179*t + 709044. What is w(6)?
6
Let u(o) = -o**3 + 148*o**2 - 1526*o + 2592. Determine u(137).
-11
Let n(r) = 7*r**3 + 294*r**2 - 353. What is n(-42)?
-353
Let w(n) = 2*n**3 + 775*n**2 + 7940*n + 8700. Give w(-377).
29
Let i(d) = -d**2 - 6535*d + 203553. What is i(31)?
7
Let l(k) = -138*k**2 + 1247*k - 36. Calculate l(9).
9
Let c(q) = 6*q**3 + 74*q**2 - 180*q + 61. Determine c(2).
45
Let i(a) = -831*a**3 - 3*a**2 - 33*a - 31. Determine i(-1).
830
Let u(g) = -2*g**2 + 5744*g + 292205. Calculate u(-50).
5
Let q(p) = -8*p**3 - 1586*p**2 - 388*p + 1544. Calculate q(-198).
-40
Let m(x) = x**2 - 385*x + 10754. Calculate m(30).
104
Let s(m) = -14*m**3 + 4016*m**2 + 584*m - 2876. What is s(287)?
-6
Let r(j) = 16*j**2 - 209*j + 865. What is r(4)?
285
Let j(h) = h**3 - 40*h**2 - 285*h + 2840. Calculate j(45).
140
Let f(d) = 6054*d - 441930. Give f(73).
12
Let o(m) = 450*m**2 + 135*m + 132. Determine o(-1).
447
Let c(l) = 22*l**2 + 5538*l + 3926. Determine c(-251).
-90
Let d(o) = 249*o - 188. Give d(-1).
-437
Let m(k) = 2*k**2 - 2468*k + 111583. What is m(47)?
5
Let s(p) = -3*p - 480. What is s(-135)?
-75
Let l(a) = -3*a**2 + 443*a - 4816. Give l(137).
-432
Let b(l) = -304845*l - 6401813. Determine b(-21).
-68
Let t(u) = 4764*u - 1157654. Determine t(243).
-2
Let y(k) = -8*k**3 - 276*k**2 + 109*k - 27. Calculate y(-35).
1058
Let p(z) = 11909*z - 83604. What is p(7)?
-241
Let a(x) = -x**3 + 19*x**2 - 27*x + 246. What is a(15)?
741
Let x(q) = -q**2 - 96*q - 1291. Calculate x(-16).
-11
Let i(s) = -31*s**2 + 152*s - 568. What is i(8)?
-1336
Let x(t) = -t**3 + 20*t**2 + 165*t - 2848. Calculate x(21).
176
Let w(m) = 17*m**2 - 1240*m + 71. What is w(73)?
144
Let h(w) = -388*w**2 - 3089*w - 3091. Determine h(-1).
-390
Let w(t) = -5895*t + 265394. Give w(45).
119
Let l(a) = -a**2 - 144353*a + 3176218. Determine l(22).
-32
Let m(w) = 1541*w + 38526. Calculate m(-25).
1
Let r(x) = -298*x + 905. Determine r(10).
-2075
Let i(s) = 48*s**2 - 222*s - 170. Determine i(6).
226
Let w(f) = -f**2 + 24423*f - 1583275. Give w(65).
-5
Let u(s) = -39*s**2 - 4148*s + 12457. Determine u(3).
-338
Let w(x) = -3*x**2 + 133*x + 2647. Give w(-13).
411
Let o(m) = -32*m**2 - 598*m - 1873. Calculate o(-15).
-103
Let x(b) = -996*b + 74665. Give x(77).
-2027
Let f(d) = 2*d**3 - 113*d**2 - 53*d - 175. What is f(57)?
53
Let u(i) = 19746*i - 19826. Calculate u(1).
-80
Let z(v) = 292845*v + 1464185. Calculate z(-5).
-40
Let s(c) = c**3 - 20*c**2 + 69*c - 691. Calculate s(13).
-977
Let x(g) = -3*g**2 + 186*g + 3779. Calculate x(-17).
-250
Let t(g) = -3*g**3 - 332*g**2 - 207*g + 1430. Give t(-110).
0
Let k(f) = 236*f**2 - 13230*f - 42. Calculate k(56).
-826
Let r(d) = -d**3 + 40*d**2 - 341*d + 242. Calculate r(28).
102
Let r(x) = 376*x + 492. Give r(-2).
-260
Let t(k) = -60*k**2 + 389*k - 488. Determine t(5).
-43
Let d(o) = o**3 - 103*o**2 + 1950*o + 100. Determine d(78).
100
Let y(k) = 2*k**2 - 42177*k - 2749952. What is y(-65)?
3
Let m(p) = -p**2 + 768366*p + 2305108. Calculate m(-3).
1
Let u(v) = -v**3 - 75*v**2 - 1322*v + 70. Give u(-47).
352
Let s(u) = -27*u**2 - 432*u - 84. Determine s(-16).
-84
Let d(a) = 44*a**2 - 15*a + 81. What is d(-5)?
1256
Let h(m) = -m**2 + 1010*m + 7095. Calculate h(-7).
-24
Let r(i) = 710*i - 11444. What is r(16)?
-84
Let y(m) = -42*m**2 - 105*m + 16. What is y(-8)?
-1832
Let d(v) = -2*v**2 - 17731*v - 1943486. Give d(-111).
13
Let j(p) = -p**3 - 13*p**2 - 142*p - 1115. What is j(-10)?
5
Let a(v) = -557*v + 19186. Calculate a(35).
-309
Let a(x) = 100*x - 1359. Calculate a(23).
941
Let u(p) = -p**3 + 68*p**2 - 307*p + 11547. What is u(66)?
-3
Let b(q) = 15093*q + 648992. Calculate b(-43).
-7
Let k(l) = 104*l - 5511. Calculate k(63).
1041
Let x(b) = 5321*b + 883273. What is x(-166)?
-13
Let k(p) = 6*p**2 + 8131*p + 160327. Determine k(-20).
107
Let y(g) = -g**2 + 6*g + 59879. Determine y(-241).
352
Let h(w) = w**3 - 322*w**2 + 4330*w - 5547. What is h(308)?
-3
Let c(b) = -19*b**3 + 8*b**2 + 51*b - 196. Calculate c(-6).
3890
Let r(o) = -o**3 - 89*o**2 - 966*o + 1701. Determine r(-76).
29
Let p(m) = m**2 + 2221*m - 35776. Determine p(16).
16
Let d(h) = -3*h**3 + 7*h**2 + 796*h - 4058. Determine d(5).
-278
Let i(v) = 10084*v - 50542. What is i(5)?
-122
Let h(k) = -k**3 + 56*k**2 - 16*k + 1055. Calculate h(56).
159
Let c(s) = -13*s**2 - 71*s + 192. Give c(-10).
-398
Let q(g) = -g - 558. Give q(84).
-642
Let l(v) = -173093*v - 15924553. Give l(-92).
3
Let p(a) = 187701*a + 13326776. What is p(-71)?
5
Let c(l) = -174*l**3 + 29*l**2 - 5*l - 6. Give c(1).
-156
Let x(j) = -118*j**2 + 619*j - 167. Give x(5).
-22
Let k(s) = -4*s**3 - 334*s**2 + 169*s + 371. Give k(-84).
287
Let k(q) = -q**3 - 17*q**2 + 660*q - 3486. Determine k(13).
24
Let k(g) = -2*g**3 - 1125*g**2 - 799*g - 133183. What is k(-562)?
11
Let d(b) = -2*b**2 + 53*b + 822. Determine d(25).
897
Let x(c) = 837*c + 44387. Determine x(-53).
26
Let n(j) = -2*j**2 - 120*j + 3262. Determine n(-71).
1700
Let r(d) = -12*d + 1741. Calculate r(53).
1105
Let t(c) = 7*c**3 - 98*c**2 + 99*c - 3. Determine t(13).
101
Let i(s) = -9092*s - 190922. What is i(-21)?
10
Let k(v) = -3*v**3 + 670*v**2 + 1098*v + 6105. Calculate k(225).
30
Let m(t) = 347076*t + 4859090. Determine m(-14).
26
Let r(a) = -184618*a + 369218. Giv